 + 44*j - 3*n. What is the highest common factor of c and j?
2
Let v be -1*(((-60)/4 - -5) + 5). Suppose v*x - 4*x + 5*z = 222, 867 = 4*x - z. Let u = 3 + 28. What is the greatest common factor of x and u?
31
Let w(t) = 15*t**3 - 2*t**2 - t + 1. Let u be w(2). Suppose -4*q + 117 = -u. Suppose 11*l - 3*l - 304 = 0. What is the greatest common divisor of l and q?
19
Suppose 0 = 3*n + n + a - 390, 3*n = -3*a + 297. Suppose s = 19*u - 24*u + 1936, 2*u - 5*s - 796 = 0. Calculate the greatest common factor of u and n.
97
Let h(d) = -2*d**2 - 54*d + 98. Let z be h(-20). Calculate the greatest common divisor of z and 270.
54
Suppose 5*l = -4*h + 192, 0 = 3*l + 13*h - 12*h - 118. Suppose 3*c + 4*g - 648 = 0, -3*c - 2*c + 2*g = -1106. Calculate the highest common factor of c and l.
20
Suppose -3*n + 67737 = 67155. Calculate the greatest common divisor of n and 13677.
97
Let n(f) = -140*f + 1730. Let l be n(-17). Calculate the highest common divisor of l and 20.
10
Suppose b = 4*l - 5391, -4*l + 5*b + 4242 + 1129 = 0. What is the greatest common divisor of l and 923?
71
Let k = -64 + 70. Let f be (-6)/9 + 7186/k. Suppose 12*v - f - 1719 = 0. What is the highest common factor of v and 27?
27
Let r = -4714 - -4764. Calculate the highest common factor of r and 155.
5
Suppose 0 = -92*h + 104*h - 24. Let l be (-28 + 1)*(-1 + h/6). What is the greatest common divisor of l and 576?
18
Let a be (-4587)/(-77)*(-140)/(-60). Calculate the greatest common factor of 10 and a.
1
Suppose 0 = -4*q - c - 2*c + 292, 5*q = -c + 376. Let w(r) = 249*r + 12746. Let m be w(-46). Calculate the highest common divisor of q and m.
76
Let p = 83 - 21. Let h = p + -46. Suppose h*x - 20*x = -1196. What is the greatest common divisor of x and 13?
13
Let h be (-628)/(-20) - 4/10. Suppose 0 = 3*t - 4*x + 21 - 4, -3*x = 5*t - 20. Let c = h - t. What is the greatest common factor of 75 and c?
15
Suppose -5*p = 5*a + 215, -4*a + a + 43 = -p. Let g = p + 48. Let d be 12 + (-4)/(-2) - 5/g. What is the greatest common divisor of 13 and d?
13
Let t = -130 - -135. Suppose c = 6*c - 270. Suppose -c = -2*a + 4*u, -2*a + u = -2*u - 58. What is the highest common divisor of t and a?
5
Let h be (-196)/84*(11/(-4) - (-26)/(-104)). Suppose 4*b - 3*c - 2*c - 33 = 0, -b + 4*c = -22. What is the greatest common factor of b and h?
1
Let h = 156 + -158. Let d(t) = -50*t - 1. Let k be d(h). Calculate the highest common divisor of k and 22.
11
Suppose -653 = -5*b - 4*r - 16, 5*b - 640 = -5*r. What is the highest common divisor of b and 625?
125
Let d(h) = -8*h - 1. Let u be d(-2). Let x = -36 + 490. Let i = -334 + x. What is the greatest common factor of u and i?
15
Let l be 2/6 - (-18 - ((-31347904)/48)/(-14)). Calculate the greatest common factor of 23 and l.
23
Suppose -16*p + 4*p + 13*p = 126. What is the greatest common divisor of p and 6174?
126
Suppose 743*o - 759*o - 172 + 476 = 0. Calculate the highest common factor of 8 and o.
1
Let b(c) = 75*c - 105. Let g be b(2). Suppose -3*q + 4*q = -m + 20, 0 = 2*m + 5*q - 55. Calculate the highest common divisor of m and g.
15
Let i be (-112)/6*(-174)/203. Let r(w) = w**2 - 14*w + 6. Let o be r(i). What is the highest common divisor of o and 95?
19
Let i(q) = -q**2 - 4*q + 27. Let u be i(-7). Let c be 152 + ((-48)/(-28) - u/(-21)). Calculate the greatest common divisor of 44 and c.
22
Suppose l - 34 = -4*d, -2*d = 3*l + d - 111. Suppose -k = 3*k, -5*k = -2*q + l. Let j be 5/15*(54 + 3). What is the greatest common factor of q and j?
19
Suppose -p = 13*p + 1008. Let r be (p - (5 + -5))/(-2). Calculate the highest common divisor of 8 and r.
4
Suppose 0 = 2*i, -2*z = 7*z - 4*z - i - 167425. What is the highest common factor of z and 185?
185
Let l(x) = -18*x - 6. Let u be l(-5). Suppose 34*m + 14 = 32*m - 4*a, 3*m = 2*a + 19. Suppose -m*o + u = o. What is the greatest common factor of o and 105?
21
Let h be (-2)/6 + 5/15. Suppose h = 15*b - 0*b. Suppose -4*z = -3*r + 36, -z = 5*r - b*z - 83. What is the greatest common factor of r and 16?
16
Let m be (0 + 8 + 0)*4/32. Let t be (-10)/35 + 764/28. Calculate the greatest common divisor of m and t.
1
Let v be (-33)/(-2*18/48). Suppose 72 = -35*z + v*z. Calculate the highest common factor of 20 and z.
4
Let v(p) = p**3 + 23*p**2 + 129*p - 8. Let m be v(-12). Calculate the highest common factor of m and 236.
4
Let p(j) = 36*j**3 - 15*j**2 + 17*j + 21. Let x be p(3). What is the highest common divisor of 1616 and x?
101
Let r = -934 - -1382. Suppose 3*z + 4*z = -r. Let a = z + 68. What is the highest common factor of a and 2?
2
Let o = 148 + -145. Suppose -5*b + o*b - 3*g = -81, -51 = -b + 2*g. What is the highest common divisor of b and 63?
9
Suppose -v + 3*g + 2617 = 0, -5*g - 4028 - 3811 = -3*v. Calculate the greatest common factor of 48 and v.
16
Let b be (184/10)/2*(-10235)/(-178). Let p = 634 - b. What is the highest common divisor of 30 and p?
15
Suppose 6 = 5*z - 9. Suppose -2*x = x - 12. Suppose x*t - 18 = z*t. Calculate the highest common factor of t and 2.
2
Let u be (2747/(-134))/(3/(-1374)). What is the highest common factor of 1145 and u?
229
Suppose 0 = -5*k - w + 39, -47*k = -50*k + 4*w + 28. Calculate the greatest common divisor of 1762 and k.
2
Suppose w - 1931 = 148. Suppose 75*u = 72*u + w. Calculate the greatest common factor of u and 63.
63
Let y(i) = -i**3 - 10*i**2 - 17*i - 3. Let a be y(-8). Suppose -q = -a*r - 2*q + 38, 5*q - 15 = 0. Calculate the highest common divisor of r and 49.
7
Suppose 7*p - 1281 = 2*x + 2*p, 3*x + 2*p = -1931. Let w = x + 867. Suppose 19 = -3*i + 103. Calculate the greatest common divisor of w and i.
28
Suppose 4*h = 2*b + 72, -2*h + 0*b = 5*b - 60. Let i = h + -6. Suppose 5*z - 3*o = 983, 68*z + 197 = 69*z - o. Calculate the highest common factor of z and i.
14
Let k be (-9)/(-36) - (1 + 615/(-20)). Calculate the greatest common divisor of k and 490.
10
Suppose -3*z + g + 70118 = -45687, -4*g = z - 38567. What is the highest common factor of z and 29?
29
Suppose 0 = -49*m + 75*m - 137982. Calculate the greatest common divisor of 29 and m.
29
Suppose 2*p = -23*i + 18*i - 16, -17 = 5*p + i. Let o be (315/140)/(p/(-64)). Calculate the greatest common divisor of o and 3.
3
Let q = 1031 - -1653. Suppose 31*m = 27*m + q. Calculate the highest common divisor of 61 and m.
61
Let m(k) = 27*k**2 - 10*k - 9. Let b be m(-1). Let o = 304 + -150. What is the greatest common factor of o and b?
14
Suppose -166*i = 17*i - 32391. What is the highest common divisor of i and 767?
59
Let j(l) = l**2 - l + 2. Let w be j(-5). Suppose -4151 = 790*o - 797*o. Let b = -577 + o. Calculate the highest common factor of w and b.
16
Let y = -74 - -71. Let p(t) = -2*t**2 - 6*t + 2. Let m be p(y). Suppose 6 = m*b - 142. What is the highest common factor of 37 and b?
37
Let q = 230 - 224. Let d be ((-36)/30)/(q/(-50)). Suppose -3*g + c = -c - 17, 2*g = c + 11. Calculate the greatest common divisor of g and d.
5
Let h(i) = 4 + 506*i - 55 - 476*i. Let t be h(5). Let d = -204 + 215. What is the greatest common factor of t and d?
11
Suppose 30*g - 24*g - 378 = 0. Suppose -2*m + 3 = 17. Let n be -1 - 6/(-2) - m. What is the highest common factor of g and n?
9
Let s(c) = -c**3 - 37*c**2 - 339*c - 11. Let w be s(-23). What is the highest common factor of 160 and w?
20
Let w = 123 + -131. Let b(y) = y**2 + 26*y + 155. Let m be b(w). Calculate the greatest common divisor of 110 and m.
11
Let z = -81 + 158. Let c(w) = -10*w - 6. Let b be (2/2)/(6/(-12)). Let q be c(b). Calculate the highest common factor of q and z.
7
Let p = -123 - -125. Suppose p*o + 3*o - 3 = v, 4 = 2*o. Calculate the greatest common divisor of 14 and v.
7
Let j(o) = o**2 - 5*o + 6 + 10*o**2 - 6*o**2 - o**3. Let a be j(4). Let s(x) = 20*x - 3. Let u be s(a). What is the highest common divisor of u and 259?
37
Let p(w) = -3*w**2 + 8*w. Let q(a) = a**2 - a + 1. Let n(t) = -p(t) + q(t). Let l be n(8). What is the highest common divisor of 74 and l?
37
Let x be (90/(-12))/(9/(-42)). What is the greatest common divisor of 1645 and x?
35
Let p be (2/4)/(7/(-14602)). Let q = p + 1139. What is the greatest common divisor of q and 6?
6
Let p(z) = -z**3 + 6*z**2 - z - 7. Let c be p(6). Let t be (c/(-26))/((-1)/(-82)). Let u = t - -23. What is the 